 -5 + t. Calculate the remainder when f is divided by 8.
4
Suppose -4*h - 4 = 0, h = v + v - 15. Calculate the remainder when 71 is divided by v.
1
Let w = -17 + 20. Let j = 17 - 12. Suppose -4*v + p = 4*p + 2, -3*p - 11 = -j*v. What is the remainder when w is divided by v?
0
Let g = 140 + -138. Suppose -53 = -3*z - g. Suppose -7 = -3*o + 77. Calculate the remainder when o is divided by z.
11
Suppose 0 = -2*r + 9 + 1. Suppose -r*k = -a + 4, -164 = -5*a - 4*k + 1. What is the remainder when a is divided by 7?
1
Let b = -1729 - -1757. Calculate the remainder when 273 is divided by b.
21
Suppose 0*n = 2*n + 3*k - 1, 9 = 4*n - k. Let m(x) = -x - n*x - 2*x + 2*x. What is the remainder when 16 is divided by m(-3)?
7
Suppose 0 = -3*q + i + 67, 14*i + 104 = 4*q + 9*i. Let m be 534/10 + (-4)/10. Calculate the remainder when 2/1 - (-6 - m) is divided by q.
19
Calculate the remainder when (-13664)/(-140) - 3/5 is divided by 14.
13
Let x be (-45)/((1/(-1))/2). Calculate the remainder when 35 is divided by x/7 + 8/56.
9
Suppose v = 4, j = 2*j - 5*v + 18. Let s = 20 + j. Let l = 11913 + -11848. Calculate the remainder when l is divided by s.
21
Let m be (-1 + 1)/((-14)/7). Suppose -g + 20 + 7 = m. What is the remainder when 159 is divided by g?
24
Let q be 35/15 + 1/(-3). Let s(i) = i + 0*i - q + 6 + 5. What is the remainder when s(-4) is divided by 2?
1
Suppose -4*l = -5*m - 453, -6*l + 8*l - 204 = -2*m. Let b(t) = -t**2 + 6*t + 1. Calculate the remainder when l is divided by b(3).
7
Suppose c = l, l - 2 = 1. Suppose -4*p - 4*t + 3*t = -14, 0 = 5*p - t - 13. Calculate the remainder when c is divided by p.
0
Suppose 0 = 4*p - r - 1032, -2*p + 2*r + 516 = r. Calculate the remainder when p is divided by 10.
8
Let q be 4/2 + (-6 - -7). Suppose -17 = -2*g + q*h, 4*g + 5*h - 67 = -0*g. Suppose -z = 3*s - 143, -9 = 2*z - 1. Calculate the remainder when s is divided by g.
10
Suppose -l + 2 = l. What is the remainder when (l/3)/((-1)/(-93)) is divided by (-10)/(-2) + (-3 - -69)/11?
9
Suppose -5*t - v = 91, v + 52 = -3*t + 3*v. Let s = -21 - t. Let x = 8 - s. Calculate the remainder when 43 is divided by x.
10
Let n = -1553 - -1602. Let i = 6 + 11. What is the remainder when n is divided by i?
15
Let d = -36 + 41. Suppose -l - 4*l + 27 = -3*f, 0 = 5*l + 3*f - 33. Suppose -85 = k - l*k. What is the remainder when k is divided by d?
2
Let f(s) = 77*s**2 - s + 1. Calculate the remainder when f(1) is divided by (21 - 23)*27/(-2).
23
Let q(n) = -6*n + 506. Calculate the remainder when 909 is divided by q(82).
13
Let i(q) = -q**3 + 11*q**2 - 9*q + 12. Suppose 0 = -2*v + h + 23, -4*h + 3*h - 13 = -v. Calculate the remainder when 60 is divided by i(v).
16
Let z(f) = -4*f - 2. Let h be z(-1). Suppose 0 = 3*k - h - 31. Calculate the remainder when 21 is divided by k.
10
Suppose -112 = -2*f - 2*y, -3*f - f + 228 = 2*y. Let z(g) = -g**3 + 28*g**2 + 15. What is the remainder when f is divided by z(28)?
13
What is the remainder when 322 is divided by (-246)/(-7) - 18/(-21)?
34
Let y = 6 - -2. Let m(o) = -4*o - 1. Let c(u) = 5*u. Let n(g) = 6*c(g) + 5*m(g). What is the remainder when n(2) is divided by y?
7
Let f = 29 + -19. Calculate the remainder when 43 is divided by 234/f + (-48)/120.
20
Let d(l) be the first derivative of 5*l**2 + 6 - 2 - 3 - 3*l. What is the remainder when d(7) is divided by 23?
21
Suppose 3*z = 6*z - 6. Suppose z = 3*k - 1. Calculate the remainder when (4 + 1)/(k/11) is divided by 14.
13
Let j be 2 - ((-16)/(-4))/(-4). What is the remainder when 13 is divided by (-9)/(j/(-7 + 4))?
4
Suppose 75 = -6*z + 11*z. Suppose c - 6*c + z = 0. What is the remainder when 10 is divided by c?
1
Suppose -3*h + 19 = 1. Suppose h*i - 5*i = 29. Calculate the remainder when 54 is divided by i.
25
Suppose 0 = -2*n + 14 + 80. Suppose 1425 = 177*h - 21332 - 1846. Calculate the remainder when h is divided by n.
45
Suppose -2*o + 15 = -0*o + 3*v, -3*o - 3*v = -15. Suppose o*y - 3*y = -15. What is the remainder when (-184)/(-10) + 10/(-25) is divided by y?
3
Let t(m) = m + 7. Let y be t(-4). Suppose 0*q = -2*o - y*q + 18, 10 = 5*q. Suppose -5*g = -o*g + 17. Calculate the remainder when g is divided by 10.
7
Let l(k) = -k**2 + 7*k + 4. Suppose 4*s - 2 = 2*c - 14, -c = -3*s - 10. Let m = c + 8. Calculate the remainder when 17 is divided by l(m).
7
Let i(o) = -2*o**2 + 47*o + 25. Calculate the remainder when 2973 is divided by i(23).
45
Suppose -91 = -2*x - 23. Let k be (-4)/(-6) - x/(-3). Suppose -4*i + k = -0*i. What is the remainder when 3 is divided by i?
0
Suppose -4*q + 4*d = -7*q - 10, -q + 5*d + 22 = 0. Calculate the remainder when 1*-38*(-3)/6 is divided by (-7)/(4 + (q - 14/2)).
5
Let d(i) = -12*i + 8*i + 6*i. Let t = -3 - -4. Calculate the remainder when 5 is divided by d(t).
1
Let m be (-532)/(-4) + (2 - 5). Let r(h) = 3*h**2 - 3*h - 4. Calculate the remainder when r(-3) is divided by 4/26 - (-1410)/m.
10
Suppose -4*p + 448 = 2*x, 15*x + 666 = 18*x + 4*p. What is the remainder when x is divided by 17?
14
Let m(u) = -345*u + 2462. Let l(p) = -3*p - 3. Calculate the remainder when m(7) is divided by l(-3).
5
Let t(j) = j**3 - 2*j - 3. Let v be 3/(-3)*(30/5 - 5). Calculate the remainder when v/((-1)/(-5)*(-3)/21) is divided by t(3).
17
Calculate the remainder when 2/8 + (-878)/(-8) is divided by (1276/8)/11 + (-4)/8.
12
Let x(m) = -43*m - 6. Let h = -118 - -188. Calculate the remainder when x(-5) is divided by h.
69
Let m = 577 + -387. What is the remainder when m is divided by 32?
30
Suppose 3*f + 5*y = 11 + 30, -2*f - 3*y = -27. Suppose 5*m = -4*x + 168, 0 = -x - 2*m - m + 42. What is the remainder when x is divided by f?
6
Suppose 3*s = s + 48. Let f = s + 6. What is the remainder when 57 is divided by f?
27
Let z be (-12)/(0 - 2) + (5 - 6). Suppose 0 = -h + 2*h - 3*l - 9, 0 = z*l. Calculate the remainder when 16 is divided by h.
7
Suppose q - 483 = 4*q. Let d be q/(-28) - 2/(-8). Suppose -d*t + t = -l - 80, 0 = -5*t - 5*l + 50. What is the remainder when 58 is divided by t?
13
Let u(a) = 8*a**3 - 2*a**2 + 4*a - 1. Let g be (-54)/(-21) + ((-12)/21 - 0). What is the remainder when u(g) is divided by 16?
15
Let v = -161 - -248. Suppose -2*k + 5*n + v + 58 = 0, -175 = -2*k - 5*n. What is the remainder when k is divided by 27?
26
Let k(p) = -3*p - 20. Let f be k(-9). Let o be (f/28)/((-2)/(-16)). Suppose o*q + 24 = 146. What is the remainder when q is divided by 32?
29
Let q(w) = 95*w + 104. Suppose 76 = n + 5*b - 0*b, -n + 40 = -4*b. Suppose 4*s - 48 = n. What is the remainder when s is divided by q(-1)?
8
Let c(g) be the third derivative of -g**4/2 - 23*g**3/3 + 21*g**2. Calculate the remainder when c(-7) is divided by 8.
6
Suppose 0*i = -i + 31. Suppose -2*k = -0*k - 4. What is the remainder when i is divided by 9 + (-20)/(-5) - k?
9
Let o be -40 - (2 - (-1 - 0)). Let f = 46 + o. What is the remainder when 14 is divided by f?
2
Calculate the remainder when 36 is divided by 10 + ((-35)/14)/((-5)/4).
0
Let a = -613 + 1080. What is the remainder when a is divided by 118?
113
Let u = -16 + 21. Suppose 0 = -u*g + 3*d + d + 365, 3*g + d - 202 = 0. Let q = g - 40. Calculate the remainder when q is divided by 8.
5
Suppose y - 474 = 3*s, 5*y = s + s + 2318. Suppose 12*h - y = 6*h. Calculate the remainder when h is divided by 13.
12
Let u(x) = -2*x**2 - 3*x - 1. Let h be u(-2). What is the remainder when (115/(-40) - h) + 863/8 is divided by 28?
24
Let i be ((-34)/(-2) + 0)*-3. Let t = -45 - i. What is the remainder when 64 is divided by t?
4
Let j = -104 - 11. Let x = j - -125. What is the remainder when 147 is divided by x?
7
Calculate the remainder when (-70)/350 + 4*(-206)/(-20) is divided by 10.
1
Suppose -22*h + 264 = 2*h. What is the remainder when 34 is divided by h?
1
Suppose 0*y + 5*h = 2*y - 472, -3*h - 690 = -3*y. Calculate the remainder when y is divided by 19.
17
Let d = -384 + 558. Suppose 4*n + d = 7*n. What is the remainder when n is divided by 22?
14
Suppose -11*f + 354 = -339. Calculate the remainder when 369 is divided by f.
54
Let b = 251 + -203. Calculate the remainder when b is divided by 27.
21
What is the remainder when (3 - 10/3)*-72 is divided by 8?
0
Let r = 30 + -25. Suppose -r*x = 14*x - 114. What is the remainder when 15 is divided by x?
3
Suppose 